28
In base 7, what is -435 + 420102?
416334
In base 6, what is 1 - 11041304015?
-11041304014
In base 5, what is -4113 + -1342402?
-1402020
In base 6, what is 5 + 1423424400?
1423424405
In base 9, what is -11275844 - -3?
-11275841
In base 3, what is -2 + 1010100111220?
1010100111211
In base 16, what is 4996 - 5da?
43bc
In base 7, what is 4421 + -523663?
-516242
In base 6, what is 2250054000 + -2?
2250053554
In base 3, what is 2010221 + 1112212000?
1121222221
In base 14, what is 7 - -80ad4c?
80ad55
In base 11, what is -4 - 1925893?
-1925897
In base 6, what is -11142200133 + -5?
-11142200142
In base 12, what is -540615 - 0?
-540615
In base 6, what is 0 - 5352302252?
-5352302252
In base 11, what is -3 - 5577139?
-5577141
In base 7, what is 5 + -10001203?
-10001165
In base 9, what is 3 + -4575178?
-4575175
In base 6, what is -120 - -33031112?
33030552
In base 10, what is 34929 + 151?
35080
In base 2, what is -100 + 1000000101110101110110?
1000000101110101110010
In base 14, what is -bba0 + -2c4a?
-10a0a
In base 4, what is -3 - 12001000203?
-12001000212
In base 3, what is 120112 - -221211121?
222102010
In base 9, what is -14 - -4504782?
4504767
In base 11, what is 4641 + -3a1?
4250
In base 3, what is -22001111002120 - 11?
-22001111002201
In base 8, what is -145275 + 5011?
-140264
In base 7, what is 1314333662 + -2?
1314333660
In base 12, what is 10b34 + 1a4?
11118
In base 12, what is 183 + -12b7b7?
-12b634
In base 6, what is 4 + -32210503?
-32210455
In base 8, what is -60 - -132626?
132546
In base 7, what is 246326004 - 3?
246326001
In base 12, what is 35019974 + -5?
3501996b
In base 9, what is -1 + 705185?
705184
In base 7, what is -13 + -11421133?
-11421146
In base 16, what is 7babd - -79?
7bb36
In base 15, what is 0 + -aa83c0?
-aa83c0
In base 9, what is -11613400 + -5?
-11613405
In base 13, what is -9517 - -85?
-9462
In base 11, what is 277a3 - 603?
271a0
In base 10, what is -37628994 - -3?
-37628991
In base 8, what is -1112 - -235433?
234321
In base 12, what is -4059 - 76ab0?
-7ab49
In base 6, what is -4445430 - -14?
-4445412
In base 13, what is -6897 - -535?
-6362
In base 14, what is -1b3077 - 9?
-1b3082
In base 10, what is -962 - 4702?
-5664
In base 5, what is -3 - 402013311?
-402013314
In base 14, what is -36 - 111118?
-111150
In base 2, what is 10001101100011 - 1001110010?
10000011110001
In base 6, what is -11402340032 - -4?
-11402340024
In base 16, what is -4b0dbf + b?
-4b0db4
In base 3, what is 110122012112222 + 2?
110122012120001
In base 15, what is 3c8 - -196e0?
19ab8
In base 10, what is 218 - 1182102?
-1181884
In base 7, what is 3013 - -64423?
100436
In base 8, what is -747547 - -37?
-747510
In base 2, what is -1101101010100010010 - -101001?
-1101101010011101001
In base 14, what is -c + -79423?
-79431
In base 4, what is -3 - -202212031220?
202212031211
In base 13, what is -18bc90cc - 4?
-18bc9103
In base 12, what is -5 + -5203261b?
-52032624
In base 14, what is -2085 - -4315?
2270
In base 10, what is -21358 - 1245?
-22603
In base 14, what is 1 + 34c3b6?
34c3b7
In base 10, what is -3506629 + 2?
-3506627
In base 4, what is 202001 - -120121120?
120323121
In base 10, what is 7 + 5836053?
5836060
In base 8, what is -22 + 71145?
71123
In base 3, what is 10 + 121102002222?
121102010002
In base 2, what is 10011100111101110010111 - -101?
10011100111101110011100
In base 11, what is 13a48 - -158?
140a5
In base 15, what is 220 - -7b69?
7d89
In base 5, what is -123214212 + -2?
-123214214
In base 14, what is d1 - 33b8a?
-33a99
In base 3, what is -11 + -2110020001220?
-2110020002001
In base 15, what is 335a - -22bc?
5627
In base 16, what is a - -b2e70?
b2e7a
In base 3, what is -12001212021 + 12202?
-12001122112
In base 9, what is -1258583 - 277?
-1258871
In base 11, what is 35 + 19a057?
19a091
In base 13, what is 5 + -2823c06?
-2823c01
In base 10, what is 805357 - 35?
805322
In base 7, what is -35606662 - 541?
-35610533
In base 8, what is -42 + 1054664?
1054622
In base 12, what is -39b0264 - -5?
-39b025b
In base 8, what is -4 + 15567523?
15567517
In base 15, what is 274d6795 - 2?
274d6793
In base 11, what is 193 + -44315?
-44132
In base 5, what is -3014344141202 - 1?
-3014344141203
In base 2, what is 10001000101001000101011000101 - 0?
10001000101001000101011000101
In base 8, what is 1 - -2724411122?
2724411123
In base 2, what is 10110 - 1100100111010001101?
-1100100111001110111
In base 6, what is 252302 - -330?
253032
In base 4, what is -12323022 - -2202?
-12320220
In base 8, what is -1 + 26336423?
26336422
In base 12, what is 496305 + 162?
496467
In base 5, what is 4 + 2011320423?
2011320432
In base 13, what is 14303463 - 1?
14303462
In base 6, what is 0 - -54025412?
54025412
In base 2, what is -110001000001010001 - -1010110001110?
-101111101011000011
In base 11, what is -4 - -508129?
508125
In base 7, what is 505 - -1126532?
1130340
In base 7, what is -112343514 + 5?
-112343506
In base 12, what is -2 + -79575447?
-79575449
In base 8, what is -1137625 + 104?
-1137521
In base 16, what is -16ed27 + -1e?
-16ed45
In base 16, what is -65ae79 - -44?
-65ae35
In base 6, what is -302340252125 + 3?
-302340252122
In base 16, what is 15fde9 - -7?
15fdf0
In base 4, what is -2332133231 + 33?
-2332133132
In base 14, what is -3a7384 + 25?
-3a735d
In base 15, what is 12c8cd5 + -6e?
12c8c66
In base 16, what is 6 + 3e503?
3e509
In base 11, what is 3 + 5476a7?
5476aa
In base 12, what is -1 + -7468a5?
-7468a6
In base 8, what is 1 - -631715?
631716
In base 6, what is 3302 - 144042?
-140340
In base 10, what is -35290 + 200?
-35090
In base 2, what is -100 + 111111011000111001011111?
111111011000111001011011
In base 8, what is -30430 - -3475?
-24733
In base 5, what is -3411 - -10423204?
10414243
In base 3, what is 21011100010001 + 200?
21011100010201
In base 3, what is 221101002 + -21102210?
122221022
In base 16, what is d4f8a3 + 0?
d4f8a3
In base 8, what is 23067 + -22131?
736
In base 10, what is 128517 - 84?
128433
In base 2, what is 10000011111001011100111 - 11?
10000011111001011100100
In base 4, what is -10 + -3132032200?
-3132032210
In base 5, what is -33142300212 - -1?
-33142300211
In base 8, what is -73215 - -101?
-73114
In base 16, what is -61a0 - -1287?
-4f19
In base 5, what is -202 + -104021413?
-104022120
In base 10, what is 52 + 125894?
125946
In base 3, what is -2010002111 + -221010?
-2011000121
In base 2, what is 10100001110000110100000000 + 11?
10100001110000110100000011
In base 9, what is 1877618 + 7?
1877626
In base 9, what is 44707825 - 3?
44707822
In base 5, what is -20110004 + 24311?
-20030143
In base 13, what is -86a6 - -16b?
-8538
In base 5, what is 142124 - -4341144?
10033323
In base 2, what is 10001000100 - -11111010?
10100111110
In base 11, what is -49957 + -213?
-4a06a
In base 14, what is -27 - 151cd6?
-151d1d
In base 4, what is -3213210 + -10322?
-3230132
In base 4, what is -130112322330212 - 1?
-130112322330213
In base 10, what is 277 + -382503?
-382226
In base 3, what is -1100212012 + 11020121?
-1012121121
In base 16, what is -5bb84d + 1?
-5bb84c
In base 9, what is 6073 + 337284?
344367
In base 14, what is -6 + -1406c872?
-1406c878
In base 2, what is -11000110011011111001101001 + -10?
-11000110011011111001101011
In base 14, what is -117152 - -2?
-117150
In base 6, what is -42311013 + 132?
-42310441
In base 15, what is 5 + -5133e1?
-5133db
In base 12, what is 488 + -207?
281
In base 8, what is 14040370 - 14?
14040354
In base 4, what is -221 - -2231233?
2231012
In base 5, what is 21341444 + 1433?
21343432
In base 10, what is 7610007 - 4?
7610003
In base 3, what is -22112211111202022 + -11?
-22112211111202110
In base 14, what is 22 + 39456?
39478
In base 16, what is -15153 - -3?
-15150
In base 7, what is 1162601 - 24?
1162544
In base 13, what is -35b62b + 4?
-35b627
In base 12, what is 638 - aa3?
-467
In base 6, what is 334202 + 350?
334552
In base 11, what is -9505731aa - 5?
-950573204
In base 3, what is 12 + -11021010012122?
-11021010012110
In base 6, what is 305055250043 + -3?
305055250040
In base 7, what is -44 + -6516540?
-6516614
In base 2, what is 100011001010011100100110011 - 1?
100011001010011100100110010
In base 4, what is 311220110223 - -3?
311220110232
In base 15, what is -121 + 390e1?
38ec0
In base 8, what is 1024222757 + 5?
1024222